
Let l = 64 - 84. Let h(m) = m**3 + 19*m**2 - 19*m + 41. Let n = 290 + -207. Calculate the remainder when n is divided by h(l).
20
Let c(k) = -k**2 + 10*k - 3. Suppose 2*b + 78 = 2*y, -3*y + 115 = -0*b - 4*b. Let z = -35 + y. What is the remainder when 80 is divided by c(z)?
17
Let a = 188 + -393. Let f = a - -223. What is the remainder when f is divided by 11?
7
Suppose 0 = -2*i + i + 36. Suppose 22 = 4*x - 2*b, 3*b - b = -6. What is the remainder when 1590/(-12)*x/(-5) is divided by i?
34
Let j be ((-3)/2)/((363/(-6424))/11). Let q = j + -233. What is the remainder when q is divided by 29?
1
Let u(h) = -h**3 - 11*h + 54. Let o(v) = -v**3 + v**2 - 9*v + 54. Let x(d) = 7*o(d) - 6*u(d). Calculate the remainder when 23 is divided by x(8).
9
Let i be (11 + -11)*(1 + 1 + -1). Suppose -3*s - 4*q + 341 = i, 4*q = s - 66 - 21. Calculate the remainder when s is divided by 11.
8
Let j(w) = 5*w - 33. Let m(h) = h - 7. Let b(q) = 2*j(q) - 11*m(q). Calculate the remainder when 38 is divided by b(0).
5
Let a = -1321 - -1444. What is the remainder when 252 is divided by a?
6
Let k = 37 + -2. Calculate the remainder when 238 is divided by k.
28
Let b(f) = 87*f**2 - 4*f + 3. Let q(n) = 88*n**2 - 5*n + 4. Let k(l) = 4*b(l) - 3*q(l). Let m = 1336 - 1313. What is the remainder when k(-1) is divided by m?
16
Let r be (-408)/(-20) + 2/(-5). Suppose 5*x = 60 + r. Suppose -317*p + 300*p + 51 = 0. What is the remainder when x is divided by p?
1
Let w be 52/14 + (-4)/(-14). Suppose 0 = -4*z - w*t - 0*t + 52, -z + 2*t = -1. What is the remainder when ((-66)/(-7) + 0)/((-30)/(-140)) is divided by z?
8
Let m = -2091 - -2139. What is the remainder when 1742 is divided by m?
14
Suppose -4*g = -8, 2*s + 67 = 7*s + g. Let t = -3718 + 3752. What is the remainder when t is divided by s?
8
Suppose -3*k - k + 4*b = -1020, -4*k - b = -995. Let l = 271 + -116. Let m = k - l. What is the remainder when m is divided by 27?
14
Let b = -39 + 45. Suppose 122 = -b*f + 8*f. What is the remainder when 364 is divided by f?
59
Suppose n + 119*h - 114*h = 373, 5*n - 1710 = 6*h. Calculate the remainder when n is divided by 33.
18
Let u be 2 + -1 + (-5)/((-35)/469). Suppose 230 = c - u. What is the remainder when c is divided by 10?
8
Let j(o) = o**2 - 289*o + 2348. Calculate the remainder when 827 is divided by j(8).
27
Suppose 8*i + 7*i - 6*i = 0. Suppose i = -b + 5*c + 95, -4*b + 435 = -3*c + 106. What is the remainder when b is divided by 27?
26
Suppose 25 = -4*b + 37. Suppose 2*q = b*u + 30, -q - u = 4 - 29. Calculate the remainder when q is divided by 19.
2
Suppose -833 = -11*l + 4*l. Suppose 5*h + 1133 - 1238 = 0. What is the remainder when l is divided by h?
14
Let t = -30012 - -30071. What is the remainder when 11147 is divided by t?
55
Let p = -112 - -165. Let u be ((-12)/8 + 0)/(9/(-402)). Suppose 5*x = u + p. Calculate the remainder when 37 is divided by x.
13
Let z be 182/(-9) + 11/((-396)/(-8)). Let t = z - -27. Let c(n) = 3*n**2 - 15*n - 21. Calculate the remainder when c(t) is divided by 4.
1
Let l(q) = 62*q + 2417. Calculate the remainder when l(-30) is divided by 77.
18
Suppose 0 = 40*l - 149*l + 1744. What is the remainder when 40 is divided by l?
8
Let u = 3857 - 3744. What is the remainder when 784 is divided by u?
106
Let l be 8106/(-336) + 2/16. Calculate the remainder when (4 + -79)/(36/l) is divided by 11.
6
Suppose 0 = -k - 6 + 3, -4*i = 4*k - 212. Calculate the remainder when (1 - (-110)/6)*84/i is divided by 8.
5
Suppose -4*z - 16829 - 7847 = -35*z. What is the remainder when z is divided by 50?
46
Calculate the remainder when 7288/(-90)*-9*5/(-4)*-2 is divided by 76.
74
Let n(g) = -89*g + 3. Let q be n(-8). Suppose -23*w + 28*w = -q. Let x = -100 - w. Calculate the remainder when x is divided by 11.
10
Suppose 0 = 4*z - 3*i - 35, 5*z - 2*i - 8 = 27. Suppose -31 + 32 = -b - 2*q, -4*b - 5*q + 11 = 0. What is the remainder when 172/z + (-2)/5 is divided by b?
7
What is the remainder when 303 is divided by -3*1 - (-8 + -111 - -16)?
3
Let k = 59 + -13. Let x(z) = 5*z**2 - z + 2. Let j be x(2). Calculate the remainder when k is divided by 27/15*j/3.
10
Let v(g) = 430*g**3 + 8*g**2 + 55*g - 115. What is the remainder when v(2) is divided by 51?
50
Suppose -3*l + 3*x + 14 = -40, l + 3*x - 14 = 0. Suppose l*w = 110 + 60. Calculate the remainder when 165 is divided by w.
5
Let y(r) = r**3 + 35*r**2 - 9*r + 85. Calculate the remainder when y(-22) is divided by 17.
13
What is the remainder when 380 is divided by (-11 - 40*(-77)/14) + -4?
175
Let s = -23966 - -24332. Calculate the remainder when 1484 is divided by s.
20
Suppose 0 = 4*m, 5195 = 5*r + 4*m - 2*m. Calculate the remainder when r is divided by 65.
64
Let y be (-40)/(-70) - 650/(-14). Suppose -y = -9*d + 7. Calculate the remainder when 35 is divided by (32 + d)*4/8.
16
Let u = -59 - -234. Let b = u + -156. Calculate the remainder when -9*(1 - (-80)/(-6)) is divided by b.
16
Calculate the remainder when 1213 is divided by (40/12*-1)/(56/(-252)).
13
Suppose -77 = 3*u - 287. Let j = u - 74. What is the remainder when 52 is divided by 13 - (0 - (j - -9))?
16
Let o(b) = -b**3 + 34*b**2 + 22*b - 642. Calculate the remainder when 592 is divided by o(34).
62
Let y(q) = -q**2 - 24*q + 1. Let o be y(-11). Suppose 5*c = c + o. Suppose -2*a - 3*a = -2*x - c, 2*x - 12 = -a. What is the remainder when 11 is divided by a?
3
Suppose 2*h = 3*c, c + 5*h + 0 = 17. Let m(d) = -2*d**2 + 35*d - 98. Let o be m(14). Suppose o = 5*z + c - 7. What is the remainder when 3 is divided by z?
0
Suppose -t - 18 = 5*w, 4*t + w = 6*t - 19. Let b = 8 - 2. Suppose -t*r + 11 = -b*r. Calculate the remainder when r is divided by 3.
2
What is the remainder when 93 is divided by 1/(1 + 364/(-368))?
1
Suppose -99*s - 23256 = -111*s. Calculate the remainder when s is divided by 20.
18
Let z be (10 + -13)/(2/(-204)). Let y = -115 + z. What is the remainder when y is divided by 40?
31
Let o = -5 + 8. Suppose -o*c = -q + 34, q - 4*c = 6*q - 189. Let k = 233 + -163. Calculate the remainder when k is divided by q.
33
Suppose 2*y - 2*b - 1980 = -0*b, 0 = -2*y - 2*b + 1980. Suppose 0 = -3*h - 2*h + y. Let i(z) = 17*z - 51. What is the remainder when h is divided by i(7)?
62
Let n(s) = 2*s**2 - 6*s + 2. Let x = 12 - 8. What is the remainder when 1568/84 + ((-5)/3)/1 is divided by n(x)?
7
Let r = 5 + 12. Let k(v) = v**2 - 4*v - 57. What is the remainder when k(13) is divided by r?
9
Let l = 3046 + -2787. Calculate the remainder when l is divided by 66.
61
Suppose 321*z - 492 - 363 = 312*z. Calculate the remainder when z is divided by 25.
20
Let b = 446 + -389. Let l(f) = 2*f**2 + 2*f + 6. What is the remainder when l(-11) is divided by b?
55
Suppose 0 = -5*o - 3*f + 35, 15 = -6*o + 8*o + f. Suppose -o*b - 351 = -1501. Calculate the remainder when b is divided by 39.
37
Suppose -2*f + 34 = 4*b, 0 = 3*f - 231*b + 228*b - 24. What is the remainder when 5628 is divided by f?
7
Let f = 35247 - 35238. Calculate the remainder when 152 is divided by f.
8
Suppose 28*b = 26*b + 164. Let j = -49 + b. Let o(a) = -5*a - 2. What is the remainder when j is divided by o(-4)?
15
Let f(z) = 53*z - 94*z + z**2 - 12 + 47*z. Calculate the remainder when f(8) is divided by 27.
19
Let v(t) be the third derivative of t**4/6 + 8*t**3/3 + 30*t**2. Let g(w) = -w**2 + 8*w + 2. Calculate the remainder when v(0) is divided by g(7).
7
Suppose t + 783 = 3*p, 0 = -p + 57*t - 59*t + 261. Calculate the remainder when p is divided by 19.
14
Suppose 0 = 12*m - 13*m + 64. What is the remainder when 4479 is divided by m?
63
Let v = 8491 - 8260. Calculate the remainder when 370 is divided by v.
139
Let r(j) = -j**2 - 27*j - 118. Let w(l) = l**2 + l - 2. Let y(z) = -r(z) - 2*w(z). Suppose -2*h - 29 = -3*h. Calculate the remainder when h is divided by y(29).
5
Let g be (120/150)/(4/(-30)). What is the remainder when 170 is divided by 2*(g + 22) + -3?
25
Let m(q) = 59*q**3 + 4*q**2 - 7*q + 19. Calculate the remainder when m(2) is divided by 50.
43
Let x(z) = -z**2 - 13*z + 2. Let f be x(-13). What is the remainder when 9*((-7)/3 - -3) is divided by 90/27 + f/(-6)?
0
Let n = 130 - 106. Let y be (-12)/n*0/2. Suppose 2*w = 5*x - 301, -2*x + 3*x + 4*w - 69 = y. What is the remainder when x is divided by 17?
10